i(q).
-7
Suppose 0 = 13*g - 0*g - 78. Let j(r) = -7*r + 58 + g*r**3 + 2*r**2 - 58 + 8*r. Calculate j(-1).
-5
Let l = 91 - 88. Suppose 2*a + 4*d - 12 = 2*d, 3*a - 18 = l*d. Let v(s) = s**2 - 6*s - 6. Give v(a).
-6
Suppose x + 1 = 0, 0*x = -5*h + x + 56. Suppose 0 = -t - 3*r - h, -4 = -2*r - 10. Let c(q) = q**2 - 3 + 2*q**3 - q**3 - q - q. What is c(t)?
-3
Let u(x) = -x**3 + 4*x**2 + 6*x - 7. Let m(n) = -n**2 + 2*n + 2. Let g be m(2). Suppose 18*a = 13*a - 2*s + 58, -s = 2*a - 24. Suppose -g*b = -0 - a. Give u(b).
-2
Let l(x) = -x**2 - 10*x + 13. Let n = 733 - 409. Let f = 315 - n. Give l(f).
22
Suppose -821*w = -830*w - 171. Let b(s) = 5*s - 5. Let j be b(5). Let o = j + w. Let a(h) = -7*h**2 + h. Calculate a(o).
-6
Let s(i) be the third derivative of -i**5/30 - 5*i**4/6 - 7*i**3/2 - i**2 + 1164*i. Calculate s(-10).
-21
Let o(d) = 2*d**2 + 9*d + 7. Let b be (40/(-28))/((-74)/(-259)). Calculate o(b).
12
Let i(y) = 2214*y**2 - 19*y - 140. Let d(f) = -253*f**2 + 2*f + 16. Let n(b) = -35*d(b) - 4*i(b). Let u be (-2)/1 + 30/3. Determine n(u).
-16
Suppose 12 = -o - 2*j, -5*o + 3*j - 28 = -7. Let s(w) = w**3 + 8*w**2 + 13*w - 1. Determine s(o).
-7
Let j(f) be the first derivative of f + 1/2*f**3 + 0*f**2 + 1/6*f**4 + 15. Let k(m) be the first derivative of j(m). Calculate k(-2).
2
Let d(v) = -2080*v + 2086*v - v**2 - 49 + 89. Give d(-7).
-51
Let i(a) be the third derivative of -a**7/2520 + 11*a**6/720 - a**5/10 - 187*a**4/24 + 196*a**2. Let n(l) be the second derivative of i(l). Give n(8).
12
Let k(r) = -20*r**3 - 2*r**2 + 21 + 12*r**3 + 8*r**3 - 19*r**2 - r**3 - 19*r. Calculate k(-20).
1
Let s(z) = -z**3 - 2*z**2 + 5*z + 6. Let p be 6/15 + 187/(-55). Let k be s(p). Let u(n) = -n**3 - n - 2. Determine u(k).
-2
Let d be (-7)/(2 - 1) - (-44 - -37). Let r(b) be the first derivative of b**2/2 - 2*b - 2. Give r(d).
-2
Let h(f) = -f**3 + 6*f**2 + 4*f - 6. Let d be (-1829)/186 - 1/6. Let c be ((-19)/(-38))/((-1)/d). Give h(c).
39
Suppose -49 = 3*r - 5*s, -2 = 4*s + 2. Let n = r - -11. Let d(f) = -63*f. Let t(w) = -79*w - 1. Let g(k) = -5*d(k) + 4*t(k). Determine g(n).
3
Let z = -28 - -31. Let t(c) be the second derivative of -c**5/60 + c**4/12 + c**3/2 + 10*c**2 - 17*c. Let n(k) be the first derivative of t(k). Determine n(z).
0
Let r(w) = -10*w**3 + w**2 - 1. Let i(j) = -49*j**3 + 27*j**2 + 9*j - 263. Let t(u) = i(u) - 5*r(u). Determine t(-21).
-6
Let i(n) = -10*n + 36. Let a be i(1). Let z(s) = -52 + s + a + 29. Calculate z(-5).
-2
Let r(h) = 11*h - 20. Let j be r(7). Suppose 0 = -2*l - 5*d - 2, -2*l + j = 3*l - 3*d. Let x(q) = -q**3 + 10*q**2 - 8*q - 11. Determine x(l).
-2
Suppose y + 3293 = 2*g + 3289, 7 = g. Let t(a) = 3*a**2 - 34*a + 20. Give t(y).
-20
Let m = 9 - -8. Let s(k) = -m - 3*k - 24*k + 26*k. Give s(0).
-17
Let q(m) = -2*m**2 - 20*m + 5. Let d be -2*4*(196/16 + -94 + 83). Determine q(d).
5
Suppose -65 = -21*q - 2. Suppose -3*t = -q*l + 9, 4*t + 3*l = 7 + 2. Let d(m) = -2*m - 11. Determine d(t).
-11
Let s be (8/20)/((-2)/(6*-5)). Let n(q) = -q + 14. Let j be n(s). Let h(u) = -u**3 + 9*u**2 - 9*u + 2. Calculate h(j).
-6
Let j(a) = 61*a - 112*a - 1 + 54*a. Suppose d - 374 = -376. Give j(d).
-7
Let a be 5/2 + (-210)/(-60). Let i(q) = -7*q**2 - 7*q - a*q**2 + 6*q + 1 + 6*q**2. Determine i(-2).
-25
Let k(c) = -12 + 5 - 2*c + 3*c - 7. Let j(z) = -3*z**3 - 250*z**2 + 165*z - 246. Let v be j(-84). Calculate k(v).
-8
Suppose 22*l - 765 = 5*l. Let t(f) = 44*f**2 - 3 - l*f**2 + 4 + 8*f. Give t(6).
13
Suppose -13*h - 24 = 183 + 105. Let o(k) = -k**2 - 26*k - 60. Give o(h).
-12
Suppose -28 = -5*z + 2*o, 263*z - 20 = 262*z + 4*o. Let l(i) = -4*i**2 + 2*i - 2. Calculate l(z).
-58
Suppose -23*v - 21*v = 91*v + 540. Let l(f) = -f + 3. Give l(v).
7
Let w(k) = -5*k + 5. Let h(d) = -3*d + 3. Let r(g) = -11*h(g) + 6*w(g). Let j = -12250 + 12244. What is r(j)?
-21
Let q(x) = x**2 + 6*x. Let m(i) = -i**2 - 13*i + 4. Let a(k) = m(k) + 2*q(k). Calculate a(6).
34
Let u be (-12)/5*360/(-27). Let z = -26 + u. Let d(a) = -a + 12. Calculate d(z).
6
Let z(a) = 24*a**2 + 85*a - 1046. Let o(h) = 13*h**2 + 44*h - 524. Let i(x) = -11*o(x) + 6*z(x). What is i(13)?
-5
Let p(n) = -6*n + 2. Suppose 1159*f = 1197*f - 114. What is p(f)?
-16
Let b(a) = 38*a + 108. Suppose -u + 3*t - 9 = -0, 3*u = -5*t + 1. Let w be b(u). Let h(c) = -2*c**2 - 5*c + 7. Calculate h(w).
-35
Let j(a) = -79*a - 4866 + 98*a + 4850. Calculate j(5).
79
Let z = -19584 + 19617. Let y(t) = -t**3 + 36*t**2 - 93*t - 201. Calculate y(z).
-3
Suppose -178*d - 92*d - 325 = -1945. Let p(y) = 4*y**3 - 25*y**2 + 6*y - 8. Give p(d).
-8
Let l(z) = 5 + 4*z**2 + 3*z - 2*z**2 + 2*z. Let r(v) = -2448*v + 222765. Let a be r(91). Determine l(a).
8
Let v = 8 + -6. Let k be (-2)/2*3 - v. Let b(p) = -1426 + 776 + p + 649. What is b(k)?
-6
Suppose j - 16 = 5*j, 3*n = -2*j + 448. Suppose w = n - 157. Let p(f) = -3*f - 1. Let t(b) = -7*b - 1. Let h(l) = 5*p(l) - 2*t(l). Determine h(w).
2
Let t be (-5)/(-10) - (-2)/(-4). Let b = t - -5. Let u(y) = -170676*y**3 + 42 - 40 + 170675*y**3 + 5*y**2. Calculate u(b).
2
Let p(t) = 25*t - 629. Let i = 34385 - 34360. Determine p(i).
-4
Let d(f) = f**2 + 2*f - 4. Let t be d(-3). Suppose 2*g + 2*z = 3814, -13*z = -3*g - 14*z + 5717. Let q(r) = -3*r + 6*r + 1906 - 2*r - g. Calculate q(t).
0
Let a = 3 - -2. Suppose 6*b + 4*c + 8 = 3*b, -a*b + c + 25 = 0. Let g(v) = 8*v + 42. Let q(p) = -7*p - 36. Let d(z) = 6*g(z) + 7*q(z). Determine d(b).
-4
Let u(b) = 3*b**3 + 25*b**2 + 8*b - 7. Let d be ((-40)/25)/((-48)/(-240)). Calculate u(d).
-7
Let v be (-12)/5 - (-4)/10. Let k(z) = -1 + 27*z + 12*z**2 + 28*z - 1 - 10*z**2 - 56*z. Determine k(v).
8
Let b(y) = 2*y + 15. Let l(h) = -7*h. Let u(r) = -b(r) - 2*l(r). Calculate u(3).
21
Let h(p) = -p**3 + 11*p**2 + 7*p - 9. Suppose -2*w = -4*b - 28, 719*b - 5 = 724*b. What is h(w)?
-69
Let h = -7366 - -7375. Let u(y) = 2*y + 15. Determine u(h).
33
Let r(c) = -14*c + 2. Suppose -35*l + 28*l + 6384 = 0. Let b = 916 - l. Determine r(b).
-54
Let z(i) = -89 + 169 - 98 + i**2 - 9*i. Suppose -4*u = 3*v - 41, 11*u = -4*v + 9*u + 48. What is z(v)?
4
Let g(t) = -2*t**3 + 30*t**2 - 87*t - 133. Let i be g(10). Let f(h) = 2 - 2 + 7*h. What is f(i)?
-21
Let p be -35*5/(-105) + (-115)/15. Let u(l) = -32*l - 195. Give u(p).
-3
Let c(u) = u**2 - 33*u + 95. Let b = 1971 + -1941. Give c(b).
5
Let o(h) = -87*h + 1741. Let f be o(20). Let d(c) = 12*c**3 + c**2 + c - 1. What is d(f)?
13
Let i(d) = -22*d + 27*d + 12*d + 24 - 19*d. Determine i(9).
6
Suppose 0 = 10*k - 8*k - 8. Suppose -2*v = -k*b - 6*v - 24, -12 = -4*v. Let d(y) = -y**3 - 8*y**2 + 10*y - 8. Calculate d(b).
-17
Let f(b) = -3*b - 16. Suppose -5 = -2*c + 5*n, -154*c - 4*n = -152*c - 14. Let k(d) = -3*d - 1 - 6 - 8. Let t(l) = c*k(l) - 4*f(l). What is t(-8)?
13
Let s(r) = 5*r - 126. Let t be s(16). Let h be (17 + 1)*23/t. Let l(f) be the second derivative of -f**3/6 + 6*f**2 - 2*f. What is l(h)?
21
Let p(n) = -2*n**3 - 23*n**2 - 80*n - 1102. Let o be p(-12). Let a(s) be the third derivative of 0*s - 1/24*s**4 + 0 + 11/6*s**3 + 9*s**o. Determine a(9).
2
Let n(z) = -22*z + 111. Let r be n(5). Let w be 86/(-18) + 2/(-9). Let q be w/(-15) - r/3. Let p(h) = -h + 7. Determine p(q).
7
Suppose 15 = 3*c - 0*c. Let k(i) = -i**2 + i - 1. Let l(s) = -29*s + 84*s - 2 - 47*s - 6*s**2. Let y(u) = c*k(u) - l(u). What is y(-2)?
7
Let w(z) = 7*z - 3. Let b be 1/(10/(-100)*5). Let k(x) = -36*x + 16. Let m(s) = b*k(s) - 11*w(s). Calculate m(-5).
26
Let a(p) = 2*p + 58. Let t = 5915 + -5915. Calculate a(t).
58
Suppose 3*y = y. Suppose y = -2*b - 3*c - 7, -2*b - 2*c + 5*c = -23. Suppose 9*f - 5*f + b = 0. Let h(u) = -2*u**2 + u + 1. What is h(f)?
-2
Let a(u) = -u + 14. Let j be a(15). Let z(f) = -17*f**2 - 31*f - 51. Let q(h) = 5*h**2 + 11*h + 18. Let r(c) = -17*q(c) - 6*z(c). What is r(j)?
18
Let n(v) = 3*v**3 + 14*v**2 - 14*v - 9. Let u(k) = -k**3 - 2*k**2 + 9*k - 2. Let l(d) = -n(d) - 2*u(d). Determine l(-10).
53
Let d(q) = 76*q**2 - 23*q - 14. Let o(h) = 45*h**2 - 12*h - 8. Let c(f) = -3*d(f) + 5*o(f). Determine c(4).
-10
Let x(s) = -s**3 - 2*s**2 + 2*s - 1. Let w be 5/40 + (-315)/(-40). Suppose 4*j - 7*j + w = f, f + 2 = 2*j. Calculate x(f).
-13
Let o(m) = -3*m + 2*m**2 + 4*m**2 - 10*m**2 + 3*m**2 - 2*m. Let k(x) be the first derivative of